at are the prime factors of 1590758?
2, 13, 17, 59, 61
List the prime factors of 1756478.
2, 878239
List the prime factors of 8778407.
11, 43, 67, 277
What are the prime factors of 9164360?
2, 5, 17, 13477
List the prime factors of 10360649.
13, 23, 34651
List the prime factors of 927343.
601, 1543
List the prime factors of 3331351.
79, 42169
List the prime factors of 15429.
3, 37, 139
List the prime factors of 3752707.
7, 536101
What are the prime factors of 17133915?
3, 5, 19, 79, 761
What are the prime factors of 19237311?
3, 712493
List the prime factors of 448159.
448159
List the prime factors of 2099021.
2099021
List the prime factors of 724057.
839, 863
What are the prime factors of 1541296?
2, 96331
What are the prime factors of 9372782?
2, 1531, 3061
What are the prime factors of 5325042?
2, 3, 349, 2543
What are the prime factors of 511323?
3, 170441
List the prime factors of 1663208.
2, 29, 67, 107
What are the prime factors of 21382639?
109, 196171
What are the prime factors of 513539?
13, 39503
List the prime factors of 5100340.
2, 5, 7, 17, 2143
List the prime factors of 22955.
5, 4591
What are the prime factors of 229013?
29, 53, 149
What are the prime factors of 738199?
7, 11, 9587
What are the prime factors of 13679233?
37, 369709
What are the prime factors of 1197557?
71, 101, 167
What are the prime factors of 8332737?
3, 7, 17, 1373
What are the prime factors of 45649?
191, 239
List the prime factors of 504085.
5, 181, 557
What are the prime factors of 208255?
5, 41651
List the prime factors of 73983.
3, 7, 13, 271
List the prime factors of 1763505.
3, 5, 13063
List the prime factors of 14504827.
2791, 5197
List the prime factors of 717024.
2, 3, 7, 11, 97
What are the prime factors of 275865?
3, 5, 53, 347
List the prime factors of 14874032.
2, 929627
List the prime factors of 1933616.
2, 120851
List the prime factors of 727802.
2, 363901
List the prime factors of 4368705.
3, 5, 11, 29, 83
List the prime factors of 46488.
2, 3, 13, 149
What are the prime factors of 362448?
2, 3, 839
What are the prime factors of 809478?
2, 3, 44971
List the prime factors of 2878938.
2, 3, 41, 47, 83
What are the prime factors of 484105?
5, 96821
What are the prime factors of 11147872?
2, 61, 5711
What are the prime factors of 1257499?
1257499
List the prime factors of 1123091.
89, 12619
List the prime factors of 2507673.
3, 7, 2437
List the prime factors of 29572533.
3, 331, 1103
List the prime factors of 30539703.
3, 10179901
What are the prime factors of 1250753?
7, 197, 907
What are the prime factors of 3163495?
5, 632699
What are the prime factors of 183353?
181, 1013
List the prime factors of 230856.
2, 3, 9619
List the prime factors of 29267658.
2, 3, 7, 31, 59, 127
List the prime factors of 8467308.
2, 3, 78401
What are the prime factors of 139359?
3, 11, 41, 103
What are the prime factors of 3548999?
163, 21773
What are the prime factors of 125258?
2, 7, 23, 389
What are the prime factors of 2228930?
2, 5, 11, 23, 881
List the prime factors of 61483.
61483
List the prime factors of 4591480.
2, 5, 79, 1453
What are the prime factors of 25826446?
2, 83, 155581
What are the prime factors of 6235380?
2, 3, 5, 1283
List the prime factors of 7275618.
2, 3, 7, 73, 113
What are the prime factors of 2654842?
2, 47, 61, 463
List the prime factors of 9569580.
2, 3, 5, 349, 457
What are the prime factors of 4582641?
3, 7, 47, 4643
List the prime factors of 1574935.
5, 241, 1307
What are the prime factors of 489915?
3, 5, 19, 191
What are the prime factors of 1814931?
3, 421, 479
List the prime factors of 29616.
2, 3, 617
What are the prime factors of 3468933?
3, 13, 9883
List the prime factors of 4611301.
17, 271253
What are the prime factors of 3135242?
2, 11, 17, 83, 101
What are the prime factors of 3090605?
5, 7, 227, 389
List the prime factors of 3399300.
2, 3, 5, 1259
What are the prime factors of 114210?
2, 3, 5, 47
What are the prime factors of 1162587?
3, 387529
What are the prime factors of 327674?
2, 19, 8623
What are the prime factors of 278257?
7, 127, 313
What are the prime factors of 241123?
103, 2341
What are the prime factors of 7267091?
13, 431, 1297
What are the prime factors of 1504482?
2, 3, 7, 113, 317
List the prime factors of 339486.
2, 3, 7, 59, 137
List the prime factors of 1883040.
2, 3, 5, 3923
List the prime factors of 7652076.
2, 3, 41, 103, 151
What are the prime factors of 15027498?
2, 3, 31, 47, 191
List the prime factors of 3336188.
2, 277, 3011
What are the prime factors of 142912?
2, 7, 11, 29
What are the prime factors of 459420?
2, 3, 5, 13, 19, 31
What are the prime factors of 1141758?
2, 3, 137, 463
What are the prime factors of 101423?
7, 14489
List the prime factors of 5047599.
3, 569, 2957
List the prime factors of 167567.
41, 61, 67
List the prime factors of 4447857.
3, 673, 2203
List the prime factors of 2146469.
13, 977
What are the prime factors of 475310?
2, 5, 11, 29, 149
What are the prime factors of 16869150?
2, 3, 5, 19, 1973
List the prime factors of 179726.
2, 73, 1231
List the prime factors of 5401.
11, 491
What are the prime factors of 5662557?
3, 593, 1061
List the prime factors of 5903960.
2, 5, 103, 1433
What are the prime factors of 897425?
5, 35897
List the prime factors of 4818728.
2, 602341
List the prime factors of 2451033.
3, 13, 6983
List the prime factors of 232416.
2, 3, 269
List the prime factors of 109274.
2, 11, 4967
List the prime factors of 3373127.
19, 177533
What are the prime factors of 196699?
196699
List the prime factors of 125187.
3, 41729
What are the prime factors of 131360?
2, 5, 821
What are the prime factors of 4467354?
2, 3, 744559
What are the prime factors of 4780852?
2, 67, 17839
List the prime factors of 2053234.
2, 751, 1367
List the prime factors of 2916803.
587, 4969
List the prime factors of 27786433.
79, 351727
What are the prime factors of 3402763?
7, 13, 61, 613
What are the prime factors of 8944091?
13, 17, 40471
What are the prime factors of 7117153?
19, 374587
List the prime factors of 9314810.
2, 5, 17, 157, 349
List the prime factors of 11371144.
2, 181, 7853
List the prime factors of 130234.
2, 13, 5009
What are the prime factors of 1118920?
2, 5, 11, 2543
What are the prime factors of 8378183?
11, 19, 40087
What are the prime factors of 135120?
2, 3, 5, 563
What are the prime factors of 24557?
13, 1889
List the prime factors of 40420.
2, 5, 43, 47
List the prime factors of 2865623.
2865623
List the prime factors of 127078.
2, 7, 29, 313
What are the prime factors of 106369?
17, 6257
What are the prime factors of 640045?
5, 7, 18287
What are the prime factors of 2473448?
2, 41, 7541
List the prime factors of 507521.
7, 72503
List the prime factors of 13642968.
2, 3, 103, 5519
List the prime factors of 475855.
5, 19, 5009
List the prime factors of 5680163.
5680163
What are the prime factors of 4111354?
2, 13, 158129
What are the prime factors of 120128?
2, 1877
List the prime factors of 3356524.
2, 839131
List the prime factors of 7725697.
7, 113, 9767
List the prime factors of 375701.
157, 2393
What are the prime factors of 1148228?
2, 287057
What are the prime factors of 150584?
2, 7, 2689
List the prime factors of 10010531.
10010531
What are the prime factors of 5540335?
5, 43, 73, 353
What are the prime factors of 4508139?
3, 313, 4801
What are the prime factors of 205428?
2, 3, 17, 19, 53
What are the prime factors of 20696918?
2, 11, 23, 40903
What are the prime factors of 11054074?
2, 911, 6067
What are the prime factors of 7007300?
2, 5, 79, 887
List the prime factors of 283999.
89, 3191
What are the prime factors of 1280106?
2, 3, 19, 197
List the prime factors of 28787267.
163, 176609
List the prime factors of 2309852.
2, 577463
List the prime factors of 14607171.
3, 53, 113, 271
List the prime factors of 306354.
2, 3, 51059
List the prime factors of 1154370.
2, 3, 5, 7, 23, 239
What are the prime factors of 2590904?
2, 23, 14081
What are the prime factors of 509142?
2, 3, 84857
List the prime factors of 6055056.
2, 3, 7, 6007
List the prime factors of 112422.
2, 3, 41, 457
List the prime factors of 461749.
103, 4483
What are the prime factors of 2128536?
2, 3, 17, 37, 47
What are the prime factors of 35101743?
3, 11700581
List t